 = 5*m**2 - 4*m + 2. Let c be o(2). Suppose i - c = -0*i. List the prime factors of i.
2, 7
Let l(d) = -d**3 + d**2 - 4*d + 1. List the prime factors of l(-3).
7
Let f = 2 - 10. Let m = f + 16. What are the prime factors of m?
2
Let q be (-2*(-3)/(-6))/1. What are the prime factors of 1/(q/(-2)) - -20?
2, 11
Let z = 2 - -2. List the prime factors of z.
2
List the prime factors of (134/4)/((-18)/(-72)).
2, 67
Suppose -3*d + 0 = -24. Suppose -k + 26 = -j, 2*k + 5*j - 23 = d. What are the prime factors of k?
23
Suppose -3*c + 66 = v + 3*v, -c = 2*v - 20. Suppose 6 = -4*a + c. Suppose -a*y + 88 = 13. What are the prime factors of y?
3, 5
Let k(c) = c. Let f(b) = -12*b**2 - 4*b. Let t(n) = -f(n) - 5*k(n). List the prime factors of t(2).
2, 23
Let s = 4 - 2. Suppose -5*r = 3*v + 27, -s*v + 4*r - 5 = 3*r. Let k = v - -13. List the prime factors of k.
3
Let f = 2 - 1. Let o be 3/6*f*4. Suppose -o*u = -16 - 0. List the prime factors of u.
2
List the prime factors of ((-78)/8)/(9/(-24)).
2, 13
Suppose 2*y = -2*y + 68. Suppose -2*j + 7 = -h - y, 5*j + 3*h = 49. List the prime factors of j.
11
Let o = 5 + -2. Suppose -5*f + o*h - 5 = -30, -5*h - 10 = -2*f. Suppose f*n = n - 2*v + 16, 0 = 2*n - 3*v - 8. What are the prime factors of n?
2
Let s = 262 - 42. What are the prime factors of s?
2, 5, 11
Let y(v) = v**2 + 7*v + 8. Let a be y(-6). Suppose -4*x = -a*x + m - 31, x + 3*m - 8 = 0. List the prime factors of x.
17
Suppose -10 = -4*a + 2. Suppose 9*q - 4*q = 2*l + 206, -4*q = a*l - 174. What are the prime factors of q?
2, 3, 7
Let p be ((-148)/(-10))/((-2)/(-10)). Let t = p - 22. List the prime factors of t.
2, 13
Suppose -3*j = -6*j + 6. Let z = 5 - j. Suppose 5*o + r = 10, -z*o + o + 31 = -5*r. What are the prime factors of o?
3
What are the prime factors of (15 - (0 - -1))*561/102?
7, 11
Suppose 0 = 5*l - 8 - 17. Suppose -2*x + 7 = -l. Suppose x = -q + 14. What are the prime factors of q?
2
Let u(n) = n - 3. Let o be -3*(-3)/9*8. List the prime factors of u(o).
5
Let x be 20 + 0 + 0 + 0. Suppose x + 4 = 3*q. Let y = 20 - q. What are the prime factors of y?
2, 3
Let p = 115 + -57. What are the prime factors of p?
2, 29
Suppose -69 = -2*z + 29. List the prime factors of z.
7
What are the prime factors of (-6)/10 - 1062/(-45)?
23
Suppose -2*l = l - 90. List the prime factors of l.
2, 3, 5
Let v(t) = 0 + 1 + 11 + 6*t - 3*t. What are the prime factors of v(6)?
2, 3, 5
Suppose 5*i + 3*p - 25 = 0, 3*i - 2*p + 4 = -0*p. Let y(u) = 6*u**3 - 3*u**2 + 2*u - 1. Let d be y(i). Let x = d - 27. List the prime factors of x.
2, 3
Suppose -4*m + 47 + 13 = 0. Suppose x - m + 5 = 0. List the prime factors of x.
2, 5
Let h(s) = s**3 + s**2 - s + 37. What are the prime factors of h(0)?
37
Let a = 18 + 17. List the prime factors of a.
5, 7
Let b = -356 - -608. List the prime factors of b.
2, 3, 7
What are the prime factors of (-4)/(3 + -4) + (-2360)/(-8)?
13, 23
Suppose -2*n - 5 = 3, 2*n + 33 = 5*h. Suppose 84 = h*b + 14. What are the prime factors of b?
2, 7
Suppose -3*x + 33 + 27 = 0. Let o = x - 9. What are the prime factors of o?
11
Let u(c) = c**3 - c**2 - c + 1. Let v be u(2). What are the prime factors of v + ((-108)/(-1))/3?
3, 13
Suppose 8 = 2*x, -224 - 212 = -4*v + x. What are the prime factors of v?
2, 5, 11
Suppose 110 - 36 = l. List the prime factors of l.
2, 37
Suppose -193 = 2*v - 773. What are the prime factors of v?
2, 5, 29
Suppose 0 = 3*s + s + 28. Let n = s - -37. List the prime factors of n.
2, 3, 5
Suppose 7*d - 140 = 3*d. What are the prime factors of d?
5, 7
Let a be (-34)/(-5) - (-3)/15. Suppose -2*u = x - 14, x - u = 4*u + a. List the prime factors of x.
2, 3
Suppose -k - 3*k + 36 = 0. Suppose w - 15 = k. List the prime factors of w.
2, 3
Let u(a) = a**2 + a - 1. Let d = 6 + -10. List the prime factors of u(d).
11
Let d(m) = -m**2 + 9*m - 10. Let h be d(7). Suppose 2*g = -0*g - h. What are the prime factors of g/(-4) + 11/2?
2, 3
Let v = 81 - 39. What are the prime factors of v?
2, 3, 7
List the prime factors of 8/28 - (-7468)/28.
3, 89
Let o be 3*((-20)/(-6))/5. Suppose -z - o*r + 16 = 0, -z + 6*r = 4*r. Suppose -2*q = -3*a + z + 22, 0 = -5*a + q + 43. List the prime factors of a.
2
Let u(j) = j + 2. Let x be u(-5). Let s be x*1 - (44 - 3). List the prime factors of (s/12)/((-2)/6).
11
Let k(x) = x - 5. Let i be k(7). Suppose 180 = 4*h + i*h. List the prime factors of h.
2, 3, 5
Let s(w) = -w. Let u be s(-2). Suppose 2*a + 4 = -d - d, 0 = u*a - 2*d - 12. What are the prime factors of a?
2
Suppose 0 = -6*i + 2*i - 76. Suppose m + 26 = -5*p + 6, 3*m - 35 = 4*p. Let q = p - i. What are the prime factors of q?
2, 7
List the prime factors of (260/12)/5*21.
7, 13
Suppose 4*m + 30 = -m. Let k = m + 11. Let d(z) = -z + 7. What are the prime factors of d(k)?
2
Suppose -f = 4*f + 5. Let v(u) = -9*u - 1. What are the prime factors of v(f)?
2
Suppose o + 199 = 4*f, -2*f + 2*o + 36 = -62. What are the prime factors of f?
2, 5
Suppose -i = -2*v + 16, v + 3*v + 2*i = 24. Suppose 5*l - 76 + v = 2*d, 3*l - d - 42 = 0. What are the prime factors of l?
3, 5
Suppose o - 4 = 4. Let c be o/12 + 7/3. Suppose -x + 8 = -c*f + f, -4*x - f + 23 = 0. List the prime factors of x.
2, 3
Let z(r) = 34*r - 14. List the prime factors of z(2).
2, 3
Let c be 3 - (-1)/1 - 2. Suppose -z = z - c. Let q(j) = 11*j**2. List the prime factors of q(z).
11
Let b(l) = -5 + 2 - 7 - 3*l. Let m = -6 + -2. What are the prime factors of b(m)?
2, 7
Let l(x) = 7*x**2 - x + 1. What are the prime factors of l(1)?
7
Let g = 3 + -1. Suppose g*y - 125 = -3*y. List the prime factors of y.
5
Let k(z) = 37*z**2 + 3*z. What are the prime factors of k(1)?
2, 5
What are the prime factors of (-3*16/(-12))/(2/36)?
2, 3
Let s(l) = -2*l**2 + 4*l. Let u be s(3). Let w = -3 - u. What are the prime factors of w?
3
Suppose r + 5*o - 36 = o, -45 = -2*r + o. What are the prime factors of 107/3 - (-32)/r?
37
List the prime factors of 195/(-10)*4/(-3).
2, 13
Let a(l) be the first derivative of l**3/6 + 6*l**2 + l - 2. Let p(r) be the first derivative of a(r). List the prime factors of p(0).
2, 3
Let p = -104 + 160. List the prime factors of p.
2, 7
Suppose 4*f - 2*f = 2*w - 26, 2*w + 4*f = 2. Suppose -4*n - w = 3. What are the prime factors of (-1)/(2/(-32)) - n?
19
Let c = -22 - -48. What are the prime factors of c?
2, 13
Let m(s) be the first derivative of 3*s**2/2 - 5*s + 2. List the prime factors of m(6).
13
Let n be ((-84)/(-16) - -3)*4. Suppose 5*u = 2*j + 25 - 5, -12 = 3*j - 3*u. Suppose -2*w - 15 = -p, 5*p + j*w - n = -4*w. What are the prime factors of p?
3
Suppose 0 = 2*j + l + 3*l - 654, 3*j - 1026 = 3*l. List the prime factors of j.
337
Let k be (-3)/((-22)/(-8) - 2). Let i = -4 - k. What are the prime factors of (-9)/(-3 - (-2 - i))?
3
Let l = -12 - -21. Suppose w + a = l, w + a + 24 = 3*w. What are the prime factors of w?
11
Let z be (0/(-1))/(1 - -3). What are the prime factors of (3 - z)*62/6?
31
Let i(j) = -j**3 - 5*j**2 - 6*j - 6. Let x = -7 + 3. Let y be i(x). Suppose 4*a = k - y*k + 23, a = 2*k + 8. What are the prime factors of a?
2, 3
Let b be 626/3 + 4/(-6). Suppose -3*r = -7*r + b. What are the prime factors of r?
2, 13
Let x = 274 - 84. What are the prime factors of x?
2, 5, 19
Let j = -4 - -19. What are the prime factors of j?
3, 5
Suppose 2*w - 53 = -p + 198, -396 = -3*w + 5*p. List the prime factors of w.
127
Suppose 0 = 2*f - s + 18, f + 0*s + 3 = -s. Let z = f + 14. List the prime factors of z.
7
Let s(u) = -u**3 - 7*u**2 - 5*u + 8. Let w be s(-6). Suppose 0*x - w*x = -2. List the prime factors of (6 - 3)/(x/3).
3
Let r be ((-7)/2)/(3/(-6)). Let s = r + -5. List the prime factors of s.
2
Let z(p) = p**3 + 6*p**2 + 6*p + 16. List the prime factors of z(-4).
2, 3
Let z(w) = w + 7. Let v be z(-5). Suppose -53 = -v*o + 5*n, -4*o = -o + 5*n - 42. Suppose -o = j - 2*j. What are the prime factors of j?
19
Let i = -70 + 49. Let f = -9 - i. What are the prime factors of f?
2, 3
Suppose -2*f = -0 - 18. Suppose -2*l - 4 = 0, -5*l + 23 = 4*d + f. List the prime factors of d.
2, 3
Let i = -8 + -4. List the prime factors of (i/5)/(6/(-30)).
2, 3
Let a(x) = x**3 + 5*x**2 - 8*x - 7. Let c = 8 - 7. Let l(g) = -6*g. Let z be l(c). What are the prime factors of a(z)?
5
Let t be -2 - -2 - (2 + -8). List the 